f w and 17?
17
Suppose 3*n - 119 = 175. Suppose 10*i - 9*i = n. Calculate the greatest common factor of 14 and i.
14
Let m = 15 - 12. Suppose 137 = 4*d - m*p, 0 = 4*d - 4*p - 0*p - 136. What is the greatest common divisor of d and 14?
7
Let r be (-412)/28 + (-4)/14. Let y be 2*(-606)/48 + (-1)/(-4). Let c = r - y. Calculate the highest common factor of c and 70.
10
Let m(n) = 33*n + 195. Let l be m(-5). Suppose 4*d - 16 = 0, -c - 2*d + 20 = 2*d. Let u be ((-2)/c)/((-2)/60). Calculate the greatest common divisor of l and u.
15
Let p(l) = -l + 28. Let n be p(-8). Calculate the highest common factor of n and 96.
12
Let s(k) = -8*k**3 + k**2 - 2*k + 1. Let g be s(1). Let n be -4*(20/g - -2). Suppose -n*o - o + 108 = 0. Calculate the greatest common factor of 9 and o.
9
Suppose 2*g = -2*d + 4, d - 2 = -0*g + 5*g. What is the highest common divisor of d and 10?
2
Let i be 61 + 0 - (-1)/(-1). Let x be (-3)/(-4 - (-18)/6). Suppose 20 = 2*q - 3*r + 5*r, 4*q + x*r = 36. Calculate the greatest common divisor of i and q.
6
Let w be (-2)/(-5) + 214/(-10). Suppose 156 + 132 = 32*t. Let r = t - w. What is the highest common divisor of r and 150?
30
Let k be 14/(-42)*(0 + 0). Suppose -2*h - h + 46 = -5*j, -4*h + 2*j + 38 = k. What is the highest common divisor of h and 56?
7
Let a be ((-1)/5)/(-12 - -11)*95. Calculate the greatest common factor of a and 209.
19
Suppose -3*u + 3*i + 96 = u, 4*u + 5*i - 96 = 0. Let w be u/15*(-60)/(-8). What is the highest common divisor of w and 8?
4
Let f be -10*(-4 - 14/(-4)). Suppose -f*a + 6*a = 2. Suppose 0 = -a*r - 4*t + 32, -r - 2 = -5*t - 11. What is the highest common divisor of 70 and r?
14
Suppose -15*g + 686 + 439 = 0. Calculate the greatest common divisor of g and 1020.
15
Let o be (-2 - -3)/(3/63). Suppose -3*t + 4 = -2*t, -z + 2*t = 11. Let b be 6/(z + 1) + 108. What is the highest common factor of o and b?
21
Let k = 48 + -42. Let d be 10*(10/(-4) - -3). Suppose d + 31 = 4*z. Calculate the highest common divisor of k and z.
3
Suppose -d + 0*x + 73 = 3*x, 5*x = -5*d + 345. What is the greatest common factor of 871 and d?
67
Suppose 5*a + 46 = -5*k + 301, 2*k = 2*a + 114. What is the greatest common divisor of k and 27?
27
Let v(l) = l**2 - 5*l + 2. Let q be v(6). Suppose 3*a = a + q. Let f = 35 - 27. What is the highest common divisor of f and a?
4
Let o(y) = y**3 - 14*y**2 + 30*y - 4. Let q be o(14). What is the greatest common divisor of 52 and q?
52
Suppose 0*q - h = -5*q + 24, 3*h + 2 = q. Suppose 0 = -q*z - 49 + 189. Calculate the greatest common divisor of 12 and z.
4
Suppose -5*k + 775 = 4*i, 15*k - 14*k - 4*i = 179. What is the greatest common divisor of 106 and k?
53
Suppose 0 = -12*b + 218 - 2. Calculate the highest common divisor of 63 and b.
9
Let i = -1 - -4. Suppose 2*j - i*j = -35. Let b(a) = a**3 + 2*a**2 - 5*a - 3. Let d be b(-2). What is the highest common divisor of d and j?
7
Let s(d) be the second derivative of -5*d**3/6 - 4*d**2 - 4*d. Let u be s(-4). What is the greatest common factor of u and 6?
6
Suppose -21*p + 3344 = -2*p. What is the highest common factor of 22 and p?
22
Let n(u) = -17*u**3 + 2*u**2 + 5*u + 3. Let b be n(-1). Calculate the greatest common divisor of 102 and b.
17
Let k be (-12)/4*10/3. Let v = -3 - k. What is the highest common factor of 28 and v?
7
Suppose 2 = 2*b, 0*x - 5*b = 4*x - 13. Suppose -3*v = -r + x*r - 96, -4*v + 128 = 4*r. What is the greatest common divisor of 8 and v?
8
Suppose -v = 19*w - 15*w - 453, 0 = 2*w - 3*v - 209. Calculate the greatest common divisor of w and 28.
28
Let v be (0 - -2)/1 + (-12)/3. Let t be v*(-3)/(-6)*(-8 - -7). Calculate the highest common divisor of 19 and t.
1
Let c = 119 + -74. What is the greatest common factor of 9 and c?
9
Suppose 0 = -3*b - 4*m + 602 - 116, -5*m - 810 = -5*b. Calculate the greatest common factor of b and 60.
6
Suppose 9*h = 20*h - 1100. Calculate the greatest common divisor of 720 and h.
20
Let o(k) be the second derivative of 233*k**5/20 + k**4/6 - k**2/2 + k. Let p be o(-1). Let d be p/(-9) + 8/36. What is the highest common divisor of 13 and d?
13
Suppose -2*b = 4, -2*b = -2*r - 3*b + 4. Suppose -3 - 3 = -r*l. Suppose 3*d = 2*x + 3, l*d - 4 = 4*x - 10. What is the highest common divisor of x and 1?
1
Suppose 1429 - 25 = 13*x. What is the highest common factor of x and 72?
36
Suppose 2026 = 16*n - 278. Calculate the highest common divisor of n and 396.
36
Suppose -3*l + 110 = 2*l. Suppose i - 4*i + l = -c, 0 = 2*i - 4. Let t = 23 + c. Calculate the greatest common divisor of 21 and t.
7
Let n be (182/4)/(-1)*-2. Suppose 0*u + u - 64 = -4*w, w + 278 = 5*u. Suppose -g + 2*g - u = -4*p, p - g = 9. What is the greatest common factor of n and p?
13
Suppose 0 = -28*o + 18*o + 20. What is the highest common divisor of o and 10?
2
Let w(y) = 2*y - 81. Let q be w(43). Calculate the greatest common factor of 655 and q.
5
Let a be (0 - 95/(-4))*4. Let v(f) = -f**2 + 24*f + 38. Let z be v(24). Calculate the greatest common factor of z and a.
19
Let n be 828/9 + -5 + 3. What is the highest common divisor of n and 225?
45
Suppose -3*u - 2*u = 50. Let z = u + 21. Let p be ((-264)/15)/(-3 - 28/(-10)). What is the greatest common factor of z and p?
11
Suppose -4*p + 315 + 85 = 0. Suppose -2*w - 3*w + p = 0. What is the highest common factor of w and 220?
20
Let o = 16 + 4. Suppose 229 = b - 0*b + 3*l, 0 = 3*b + l - 663. What is the highest common divisor of b and o?
20
Let w = 9 - 6. Let k = -41 - -46. Suppose -w*u = k*h - 85, -3*h - 2*u - 8 + 60 = 0. Calculate the greatest common factor of h and 56.
14
Let n be (-9909)/(-11) + 140/(-77) + 2. Suppose -229 + n = 14*u. What is the greatest common factor of 3 and u?
3
Let d(o) = o**2 + 2*o + 2. Let a be d(-3). Suppose -272 = a*y - 9*y. Suppose -3*f = -10 - 41. What is the greatest common divisor of y and f?
17
Let l(g) = g**3 - 7*g**2 + 7*g - 4. Let s be l(6). Let u(q) = 7*q - 5 + 2*q - s*q. Let m be u(3). What is the highest common divisor of m and 4?
4
Suppose 3*j = l - 23, -2*l - 11*j + 57 = -6*j. Calculate the highest common divisor of 247 and l.
13
Let o be ((-35)/(-28))/((-1)/(-140)). What is the greatest common factor of o and 75?
25
Let s be 16/((-2172)/(-216) - 10). Calculate the highest common factor of 54 and s.
18
Let g be 8/52 - (1441/(-13) + -1). What is the greatest common factor of 48 and g?
16
Let p = 13 - -56. Suppose 0*i + t - 48 = -4*i, -t = -5*i + p. Let b be (-10 + 0)*(-6 - 7). Calculate the greatest common divisor of b and i.
13
Let c(o) = -o**3 + 8*o**2 - 6*o + 6. Let f be c(6). Suppose r = 5*i + 6, 43 = 2*r - 2*i + 7. Calculate the highest common factor of r and f.
21
Let i = -165 - -640. What is the greatest common divisor of 25 and i?
25
Let u be (-77*2)/((-6)/(66/11)). What is the greatest common divisor of 182 and u?
14
Let i be 46 + 1 + (1 - 0). Suppose -4*l + 2 = -14, 4*l - 22 = -k. Calculate the greatest common factor of k and i.
6
Let b be (-4)/(-12)*9*2. Suppose w - b*w + 465 = 0. Suppose -4*g + w = 2*s - s, -3*g = -6. Calculate the highest common divisor of 34 and s.
17
Let r(c) = 2*c**3 - 12*c**2 + 5*c - 8. Let p be r(6). Suppose 12*t - 7*t - 5 = 0. Let o = t + p. Calculate the highest common divisor of o and 23.
23
Suppose 0 = -67*q + 277 + 1532. Suppose -4*i - 6 = 4*c - 34, 3*i - 13 = -c. Calculate the greatest common factor of i and q.
3
Let v be 6/(-24) + (-33)/(-4). Let s be ((-372)/v)/(6/(-8)). Suppose 42 = -23*c + 3607. Calculate the greatest common divisor of s and c.
31
Let r = 205 - -424. Calculate the greatest common divisor of 51 and r.
17
Suppose 0 = 2*u + 8, -3*r + u + 2*u = -15. Let o = 0 - 0. Let k = r - o. Calculate the greatest common divisor of 3 and k.
1
Let z = 1114 - 1062. What is the greatest common divisor of z and 16?
4
Suppose 4*p + 5*g = 4838, -5*p - 26*g = -23*g - 6041. Calculate the greatest common divisor of p and 71.
71
Let s(v) = -v**3 + 7*v**2 - 7*v + 3. Let p be s(5). Calculate the highest common divisor of p and 918.
18
Let w = 38 - 39. Suppose f = -5*q + 21, -27 = 3*f + 5*q - 100. Let v = f + w. What is the highest common divisor of 175 and v?
25
Let p be ((-60)/40)/(1/(32/6)). Let l be 1*(27 - 4*(-4)/p). Calculate the highest common divisor of 275 and l.
25
Let s be -3 + 1/((-3)/306). Let l be s/